89.
13
What is the greatest common factor of 69 and 3?
3
Calculate the highest common divisor of 2995 and 785.
5
What is the greatest common factor of 51 and 3434493?
51
Calculate the highest common divisor of 220350 and 675.
75
Calculate the highest common factor of 239 and 1667503.
239
Calculate the greatest common factor of 4410 and 88032.
42
What is the greatest common factor of 4609 and 56565?
419
What is the highest common factor of 56 and 403872?
56
What is the highest common factor of 5375 and 9890?
215
Calculate the greatest common divisor of 96240 and 5.
5
What is the greatest common divisor of 70 and 67655?
35
What is the highest common divisor of 76469 and 94?
47
What is the highest common divisor of 20468 and 112?
28
What is the greatest common factor of 22160 and 2360?
40
What is the greatest common factor of 99666 and 2646?
882
Calculate the greatest common factor of 81301 and 1843.
19
What is the highest common divisor of 15084 and 144?
36
What is the highest common divisor of 1245 and 702595?
415
Calculate the highest common factor of 44515 and 7975.
145
Calculate the greatest common divisor of 3616 and 43.
1
Calculate the highest common divisor of 316 and 348.
4
Calculate the greatest common factor of 8 and 90836.
4
What is the highest common factor of 23 and 1501095?
23
What is the greatest common factor of 217 and 251069?
217
What is the highest common factor of 385826 and 14?
14
What is the greatest common divisor of 9802 and 4394?
338
What is the greatest common factor of 24839 and 1888?
59
What is the highest common factor of 1376 and 54524?
172
What is the greatest common divisor of 76497 and 263292?
1779
What is the highest common factor of 737 and 268067?
67
What is the highest common factor of 251 and 131022?
251
Calculate the greatest common divisor of 450 and 234522.
18
Calculate the highest common factor of 20958 and 98303.
499
What is the greatest common factor of 6425 and 75?
25
Calculate the highest common divisor of 4 and 907288.
4
What is the highest common divisor of 15883463 and 1097?
1097
Calculate the greatest common factor of 6880 and 38270.
430
What is the greatest common divisor of 6532 and 96416?
92
Calculate the greatest common factor of 1133360 and 32240.
2480
What is the highest common divisor of 276 and 8760?
12
What is the greatest common divisor of 257870 and 1926?
214
Calculate the greatest common divisor of 7308 and 7714.
406
Calculate the highest common factor of 130540 and 40.
20
Calculate the greatest common divisor of 1512796 and 68.
68
Calculate the highest common factor of 64 and 25952.
32
Calculate the greatest common factor of 141548 and 12.
4
Calculate the greatest common divisor of 14100 and 20.
20
Calculate the highest common divisor of 60319 and 343.
49
Calculate the highest common factor of 435 and 1215.
15
What is the highest common divisor of 11655 and 22680?
315
What is the greatest common factor of 24 and 1498792?
8
What is the highest common factor of 5873051 and 145?
29
Calculate the highest common divisor of 795 and 13523745.
795
What is the greatest common factor of 54 and 20547?
27
Calculate the highest common divisor of 15029 and 4921.
133
Calculate the greatest common divisor of 6745 and 1207.
71
Calculate the greatest common divisor of 1932154 and 406.
406
Calculate the greatest common divisor of 281060 and 4700.
940
Calculate the greatest common divisor of 1035 and 46.
23
Calculate the highest common divisor of 4715 and 1927.
41
What is the greatest common divisor of 385 and 2025793?
77
What is the greatest common factor of 638802 and 1242?
414
Calculate the highest common divisor of 7560 and 33957.
63
Calculate the highest common divisor of 39 and 4657965.
39
Calculate the greatest common factor of 16 and 92816.
16
What is the greatest common factor of 286 and 616462?
22
Calculate the greatest common divisor of 33512 and 56.
8
What is the greatest common divisor of 15120 and 1407?
21
What is the highest common divisor of 26 and 11499358?
26
Calculate the highest common divisor of 709 and 16.
1
What is the greatest common factor of 5 and 2275245?
5
What is the highest common divisor of 10992 and 13282?
458
Calculate the highest common divisor of 8432 and 306714.
1054
What is the greatest common divisor of 41322 and 89046?
582
What is the highest common divisor of 250 and 79700?
50
Calculate the greatest common factor of 10165 and 38306.
107
What is the highest common divisor of 484 and 50941?
121
Calculate the greatest common factor of 446 and 9143.
223
Calculate the highest common divisor of 125373 and 138.
69
Calculate the highest common divisor of 1272 and 140344.
424
What is the greatest common divisor of 4764 and 588?
12
What is the highest common factor of 5704 and 9292?
92
Calculate the highest common factor of 3724 and 140.
28
Calculate the greatest common divisor of 9684 and 269.
269
Calculate the highest common divisor of 1142 and 7.
1
What is the highest common divisor of 595699 and 13?
13
Calculate the highest common divisor of 33 and 498916.
11
What is the highest common divisor of 78 and 42744?
78
What is the highest common factor of 12 and 38436?
12
What is the highest common factor of 5368 and 27368?
88
Calculate the greatest common factor of 180786 and 174.
174
Calculate the highest common factor of 68400 and 19200.
1200
What is the greatest common factor of 8809 and 9545?
23
What is the greatest common divisor of 9882 and 3050?
122
Calculate the greatest common divisor of 13528 and 4408.
152
Calculate the greatest common factor of 16524 and 537.
3
What is the highest common divisor of 145 and 1187260?
145
What is the highest common factor of 6723 and 36207?
81
What is the greatest common factor of 1404 and 5928?
156
Calculate the highest common divisor of 497382 and 228.
114
What is the highest common factor of 153 and 27336?
51
What is the highest common factor of 109480 and 966?
322
What is the greatest common divisor of 4366 and 45288?
74
Calculate the highest common factor of 13858 and 16224.
338
Calculate the greatest common factor of 7832 and 2376.
88
Calculate the greatest common factor of 18855 and 780.
15
Calculate the greatest common factor of 154 and 47789.
7
What is the greatest common factor of 850 and 37150?
50
What is the highest common factor of 760 and 8284?
76
What is the highest common divisor of 9450375 and 22?
11
What is the highest common factor of 87 and 75342?
87
What is the highest common divisor of 230502 and 656?
82
What is the greatest common divisor of 70 and 18935?
35
Calculate the greatest common factor of 78 and 60177.
39
What is the greatest common divisor of 209958 and 84?
42
Calculate the highest common divisor of 3722 and 4.
2
What is the greatest common divisor of 16473 and 18924?
57
Calculate the greatest common divisor of 1835 and 198547.
367
What is the greatest common factor of 300 and 28968?
12
What is the greatest common divisor of 1512 and 742581?
189
Calculate the greatest common divisor of 73785 and 45.
15
Calculate the greatest common factor of 463242 and 234.
78
What is the highest common divisor of 4 and 3308?
4
Calculate the greatest common divisor of 16273969 and 74.
37
What is the highest common factor of 144770 and 310?
310
What is the highest common divisor of 388125 and 414?
207
Calculate the highest common factor of 21197 and 451.
451
Calculate the highest common divisor of 230 and 245318.
46
What is the highest common factor of 29238 and 264?
66
Calculate the greatest common factor of 3864 and 609.
21
Calculate the highest common divisor of 104 and 724165.
13
What is the greatest common divisor of 209 and 317471?
209
Calculate the greatest common divisor of 45 and 4979115.
45
What is the highest common factor of 23779 and 142121?
553
What is the highest common factor of 2 and 2534?
2
What is the greatest common factor of 364 and 47488?
28
What is the highest common factor of 35580 and 60?
60
Calculate the highest common factor of 3012 and 1284.
12
What is the highest common divisor of 18 and 237018?
6
What is the greatest common divisor of 8237480 and 80?
40
What is the greatest common divisor of 11 and 313093?
11
What is the greatest common divisor of 47993 and 22?
11
What is the highest 